{"id":11787,"date":"2023-05-02T11:03:08","date_gmt":"2023-05-02T08:03:08","guid":{"rendered":"https:\/\/tetramed.shnsoftware.com.tr\/?post_type=product&#038;p=11787"},"modified":"2023-05-03T17:06:14","modified_gmt":"2023-05-03T14:06:14","slug":"rencare-i3plus-ritim-holter-kaydedici","status":"publish","type":"product","link":"https:\/\/tetramedmedical.com\/?product=rencare-i3plus-ritim-holter-kaydedici","title":{"rendered":"Rencare i3plus ritim holter kaydedici"},"content":{"rendered":"<div class=\"title-nav\">\n<p>\u00dcr\u00fcn Bilgileri<\/p>\n<\/div>\n<p>Rencare marka i3plus model Ritim Holter Cihaz\u0131<\/p>\n<div class=\"meta-row\">\n<div class=\"row\">\n<div class=\"inline col-md-4\"><label>DMO \u00dcr\u00fcn Kodu:<\/label>\u00a098921 -K3493<\/div>\n<div class=\"inline col-md-4\"><label>\u00d6l\u00e7\u00fc Birimi:<\/label>\u00a0Adet<\/div>\n<div class=\"inline col-md-4\"><label>Orijinal \u00dcr\u00fcn Kodu:<\/label>\u00a0\u01303plus<\/div>\n<div class=\"inline col-md-4\"><label>Garanti S\u00fcresi:<\/label> 24 (Ay)<\/div>\n<div>\n<div class=\"title-nav\">\n<p>\u00dcr\u00fcn \u00d6zellikleri<\/p>\n<\/div>\n<ul class=\"row tabled-data\">\n<li class=\"col-md-12\">\n<div class=\"col-xs-12\"><\/div>\n<\/li>\n<li class=\"col-md-6\">\n<div class=\"col-md-6\"><b>\u00dcr\u00fcn Tipi:<\/b><\/div>\n<div class=\"value col-md-6\">Ritim Holter Kaydedici<\/div>\n<\/li>\n<li class=\"col-md-6\">\n<div class=\"col-md-6\"><b>Orijinal \u00dcr\u00fcn Kodu:<\/b><\/div>\n<div class=\"value col-md-6\">\u01303plus<\/div>\n<\/li>\n<\/ul>\n<ul class=\"row tabled-data\">\n<li class=\"col-md-12\">\n<div class=\"col-xs-12\"><b>Hastane Donan\u0131m\u0131 \u00d6zellikleri<\/b><\/div>\n<\/li>\n<li class=\"col-md-6\">\n<div class=\"col-md-6\"><b>Marka:<\/b><\/div>\n<div class=\"value col-md-6\">RENCARE<\/div>\n<\/li>\n<li class=\"col-md-6\">\n<div class=\"col-md-6\"><b>Model:<\/b><\/div>\n<div class=\"value col-md-6\">\u01303plus<\/div>\n<\/li>\n<\/ul>\n<ul class=\"row tabled-data\">\n<li class=\"col-md-12\">\n<div class=\"col-xs-12\"><b>Ritim Holter Kaydedici \u00d6zellikleri<\/b><\/div>\n<\/li>\n<li class=\"col-md-6\">\n<div class=\"col-md-6\"><b>CMRR:<\/b><\/div>\n<div class=\"value col-md-6\">\u226580 DB<\/div>\n<\/li>\n<li class=\"col-md-6\">\n<div class=\"col-md-6\"><b>Data Aktar\u0131m \u015eekli:<\/b><\/div>\n<div class=\"value col-md-6\">Standart Kablo Ile<\/div>\n<\/li>\n<li class=\"col-md-6\">\n<div class=\"col-md-6\"><b>Kay\u0131t S\u00fcresi :<\/b><\/div>\n<div class=\"value col-md-6\">1-7 G\u00fcn<\/div>\n<\/li>\n<li class=\"col-md-6\">\n<div class=\"col-md-6\"><b>Frekans Yan\u0131t\u0131 Aral\u0131\u011f\u0131:<\/b><\/div>\n<div class=\"value col-md-6\">0,05-60 Hz<\/div>\n<\/li>\n<li class=\"col-md-6\">\n<div class=\"col-md-6\"><b>Kalp Pili Alg\u0131lama:<\/b><\/div>\n<div class=\"value col-md-6\">EVET\/VAR<\/div>\n<\/li>\n<li class=\"col-md-6\">\n<div class=\"col-md-6\"><b>Kanal Say\u0131s\u0131:<\/b><\/div>\n<div class=\"value col-md-6\">3<\/div>\n<\/li>\n<li class=\"col-md-6\">\n<div class=\"col-md-6\"><b>Saniyedeki \u00d6rnekleme Say\u0131s\u0131:<\/b><\/div>\n<div class=\"value col-md-6\">1024<\/div>\n<\/li>\n<li class=\"col-md-6\">\n<div class=\"col-md-6\"><b>G\u00fc\u00e7 Gereksinimi:<\/b><\/div>\n<div class=\"value col-md-6\">1 Adet AAA Pil<\/div>\n<\/li>\n<li class=\"col-md-6\">\n<div class=\"col-md-6\"><b>Hasta Kimlik Kayd\u0131:<\/b><\/div>\n<div class=\"value col-md-6\">EVET\/VAR<\/div>\n<\/li>\n<li class=\"col-md-6\">\n<div class=\"col-md-6\"><b>Saat ve Tarih Kaydedebilme \u00d6zelli\u011fi:<\/b><\/div>\n<div class=\"value col-md-6\">EVET\/VAR<\/div>\n<\/li>\n<li class=\"col-md-6\">\n<div class=\"col-md-6\"><b>Ekran \u00d6zellikleri:<\/b><\/div>\n<div class=\"value col-md-6\">1,3 In\u00e7 OLED Ekran, 128&#215;64 \u00c7\u00f6z\u00fcn\u00fcrl\u00fck<\/div>\n<\/li>\n<li class=\"col-md-6\">\n<div class=\"col-md-6\"><b>Haf\u0131za \u00d6zellikleri:<\/b><\/div>\n<div class=\"value col-md-6\">8 Gb<\/div>\n<\/li>\n<\/ul>\n<p><b>Di\u011fer \u00d6zellikler<\/b>7 g\u00fcne kadar 3 Kanall\u0131 EKG kayd\u0131 eHolter Analiz Yaz\u0131l\u0131m\u0131 ile birlikte veirlecektir. 1024Hz\/bit&#8217;e kadar \u00f6rnekleme h\u0131z\u0131 Kalp pili nabz\u0131n\u0131n ger\u00e7ek zamanl\u0131 tespiti ve g\u00f6sterimi Hafif, k\u00fc\u00e7\u00fck ve kompakt tasar\u0131m MIT ve AHA veritaban\u0131 taraf\u0131ndan %99,9&#8217;a varan hassasiyetle test edilen algoritma Olay i\u015faretleme<\/p>\n<\/div>\n<\/div>\n<\/div>\n","protected":false},"excerpt":{"rendered":"<p>Rencare marka i3plus model Ritim Holter Cihaz\u0131<\/p>\n","protected":false},"featured_media":11879,"comment_status":"closed","ping_status":"closed","template":"","meta":[],"product_cat":[73],"product_tag":[96,90,97],"class_list":{"0":"post-11787","1":"product","2":"type-product","3":"status-publish","4":"has-post-thumbnail","6":"product_cat-ritim-holter","7":"product_tag-hastabasi-monitoru","8":"product_tag-tetra-medical","9":"product_tag-tetramed-medical","11":"first","12":"instock","13":"shipping-taxable","14":"product-type-simple"},"jetpack_sharing_enabled":true,"_links":{"self":[{"href":"https:\/\/tetramedmedical.com\/index.php?rest_route=\/wp\/v2\/product\/11787","targetHints":{"allow":["GET"]}}],"collection":[{"href":"https:\/\/tetramedmedical.com\/index.php?rest_route=\/wp\/v2\/product"}],"about":[{"href":"https:\/\/tetramedmedical.com\/index.php?rest_route=\/wp\/v2\/types\/product"}],"replies":[{"embeddable":true,"href":"https:\/\/tetramedmedical.com\/index.php?rest_route=%2Fwp%2Fv2%2Fcomments&post=11787"}],"version-history":[{"count":2,"href":"https:\/\/tetramedmedical.com\/index.php?rest_route=\/wp\/v2\/product\/11787\/revisions"}],"predecessor-version":[{"id":12327,"href":"https:\/\/tetramedmedical.com\/index.php?rest_route=\/wp\/v2\/product\/11787\/revisions\/12327"}],"wp:featuredmedia":[{"embeddable":true,"href":"https:\/\/tetramedmedical.com\/index.php?rest_route=\/wp\/v2\/media\/11879"}],"wp:attachment":[{"href":"https:\/\/tetramedmedical.com\/index.php?rest_route=%2Fwp%2Fv2%2Fmedia&parent=11787"}],"wp:term":[{"taxonomy":"product_cat","embeddable":true,"href":"https:\/\/tetramedmedical.com\/index.php?rest_route=%2Fwp%2Fv2%2Fproduct_cat&post=11787"},{"taxonomy":"product_tag","embeddable":true,"href":"https:\/\/tetramedmedical.com\/index.php?rest_route=%2Fwp%2Fv2%2Fproduct_tag&post=11787"}],"curies":[{"name":"wp","href":"https:\/\/api.w.org\/{rel}","templated":true}]}}