{"id":11771,"date":"2023-05-02T11:03:05","date_gmt":"2023-05-02T08:03:05","guid":{"rendered":"https:\/\/tetramed.shnsoftware.com.tr\/?post_type=product&#038;p=11771"},"modified":"2023-09-09T04:36:04","modified_gmt":"2023-09-09T01:36:04","slug":"rencare-1200-e1200-plus-ekg-cihazi","status":"publish","type":"product","link":"https:\/\/tetramedmedical.com\/?product=rencare-1200-e1200-plus-ekg-cihazi","title":{"rendered":"Rencare 1200\/e1200 plus ekg cihaz\u0131"},"content":{"rendered":"<p>\u2022 7 in\u00e7 ( e1200 ) \u2013 9,7 in\u00e7 ( e1200plus ) y\u00fcksek \u00e7\u00f6z\u00fcn\u00fcrl\u00fckl\u00fc renkli<\/p>\n<p>dokunmatik ekran<\/p>\n<p>\u2022 AC, DFT ve EMG filtreleri<\/p>\n<p>\u2022 Geli\u015fmi\u015f EKG analizleri VCG\/TVCG\/VLP\/HRV ve daha fazlas\u0131<\/p>\n<p>\u2022 HIS ile sorunsuz bir \u015fekilde ba\u011flant\u0131 kurarak DAT, SCP, PDF, XML,<\/p>\n<p>DICOM ve i\u015f listesini (workklist) destekler<\/p>\n<p>\u2022 USB Yaz\u0131c\u0131, klavye, mouse, barkod okuyucu deste\u011fi<\/p>\n<p>\u2022 FTP veya Might-net EKG y\u00f6netim sistemi arac\u0131l\u0131\u011f\u0131yla otomatik<\/p>\n<p>olarak veri y\u00fckleme.<\/p>\n<p>\u2022 Kablolu, kablosuz (W\u0130F\u0130 ), USB deste\u011fi<\/p>\n<p>DMO Kod u: 88104-K2450<\/p>\n<p>Com en H12 Ek g C\u0130ha z\u0131<\/p>\n<p>\u2022<\/p>\n","protected":false},"excerpt":{"rendered":"<p>\u2022 7 in\u00e7 ( e1200 ) \u2013 9,7 in\u00e7 ( e1200plus ) y\u00fcksek \u00e7\u00f6z\u00fcn\u00fcrl\u00fckl\u00fc renkli dokunmatik ekran \u2022 AC, DFT<\/p>\n","protected":false},"featured_media":11824,"comment_status":"open","ping_status":"closed","template":"","meta":[],"product_cat":[72],"product_tag":[],"class_list":{"0":"post-11771","1":"product","2":"type-product","3":"status-publish","4":"has-post-thumbnail","6":"product_cat-ekg-cihazlari","8":"first","9":"instock","10":"shipping-taxable","11":"product-type-simple"},"jetpack_sharing_enabled":true,"_links":{"self":[{"href":"https:\/\/tetramedmedical.com\/index.php?rest_route=\/wp\/v2\/product\/11771","targetHints":{"allow":["GET"]}}],"collection":[{"href":"https:\/\/tetramedmedical.com\/index.php?rest_route=\/wp\/v2\/product"}],"about":[{"href":"https:\/\/tetramedmedical.com\/index.php?rest_route=\/wp\/v2\/types\/product"}],"replies":[{"embeddable":true,"href":"https:\/\/tetramedmedical.com\/index.php?rest_route=%2Fwp%2Fv2%2Fcomments&post=11771"}],"version-history":[{"count":2,"href":"https:\/\/tetramedmedical.com\/index.php?rest_route=\/wp\/v2\/product\/11771\/revisions"}],"predecessor-version":[{"id":12311,"href":"https:\/\/tetramedmedical.com\/index.php?rest_route=\/wp\/v2\/product\/11771\/revisions\/12311"}],"wp:featuredmedia":[{"embeddable":true,"href":"https:\/\/tetramedmedical.com\/index.php?rest_route=\/wp\/v2\/media\/11824"}],"wp:attachment":[{"href":"https:\/\/tetramedmedical.com\/index.php?rest_route=%2Fwp%2Fv2%2Fmedia&parent=11771"}],"wp:term":[{"taxonomy":"product_cat","embeddable":true,"href":"https:\/\/tetramedmedical.com\/index.php?rest_route=%2Fwp%2Fv2%2Fproduct_cat&post=11771"},{"taxonomy":"product_tag","embeddable":true,"href":"https:\/\/tetramedmedical.com\/index.php?rest_route=%2Fwp%2Fv2%2Fproduct_tag&post=11771"}],"curies":[{"name":"wp","href":"https:\/\/api.w.org\/{rel}","templated":true}]}}